or of y and v.
4
Let m be 115/10 + (-3)/(-6). Suppose -m*p - 330 = -15*p. Calculate the highest common factor of 10 and p.
10
Suppose -5*r = 4*f - 457 - 3858, -5*f - 3*r + 5397 = 0. Suppose -5*y - f = -13*y. Calculate the highest common divisor of 90 and y.
45
Let b be -3*(-2 + 20/9)*-165. What is the highest common factor of 352 and b?
22
Let o(s) = s**3 + 6*s**2 - 10*s + 8. Let c be o(-8). Let w = -14 - c. Calculate the greatest common divisor of w and 26.
26
Let j = 68 - 46. Let x be ((-412)/(-2)*3/6)/(-1). Let u = -92 - x. What is the greatest common divisor of j and u?
11
Let s = 47 + 14. Suppose -s = -4*h + 19. What is the highest common divisor of h and 80?
20
Let s be (-1)/(-2) + (-18)/(-4). Let w = -76 + 80. Suppose -3*x + n + 61 = 0, 2*n + 22 = 5*x - w*x. Calculate the highest common divisor of x and s.
5
Let g be -226*(-2)/6 + (-54)/162. Calculate the greatest common factor of g and 975.
75
Let q be (2/6)/((-17)/(-408)). Let t be 5*-1*q/(-20). What is the highest common factor of 16 and t?
2
Suppose -2*o + 46 + 146 = 2*f, 304 = 3*o - 5*f. Calculate the highest common factor of o and 441.
49
Let m be 1 - (-8 + 0) - 3. Let k be ((-2)/m*0)/(-1). Suppose 5*h + 0*z - z - 89 = k, -4*h - 4*z = -76. Calculate the greatest common divisor of h and 144.
18
Suppose 3*y = -133 + 457. Let p = -16 - -28. What is the highest common divisor of y and p?
12
Suppose 0*h + 1364 = 4*h. What is the greatest common divisor of h and 31?
31
Suppose -4600 = -137*n + 97*n. What is the highest common factor of n and 5?
5
Suppose -p - 77 = -5*n, -2*p = 3*n + 2*p - 60. Suppose -5*q = x + n, -x + 2*q - 4 = -4*x. What is the highest common factor of x and 4?
4
Let q be (4/5)/((-1)/(-5)). Let w = q - -5. Suppose 124*h - 140*h + 1495 - 199 = 0. What is the highest common divisor of h and w?
9
Suppose g - 6 = -2*g. Suppose 3 = -o, 0*l + o - 7 = -g*l. Suppose 3*y - 4*y = -55. What is the highest common factor of l and y?
5
Let g = -11 + 623. What is the greatest common divisor of g and 136?
68
Let a be (-8)/(-2) + 6 + 10. Suppose 50 = -42*w + 47*w. What is the highest common divisor of w and a?
10
Let h be (-162)/1701 + 424/42. Suppose -5*m = -m - 16. Calculate the greatest common divisor of m and h.
2
Let x be (0 + 28)*(-18)/(-8). Let g(p) = -p**3 - 6*p**2 - 2*p - 7. Let m be g(-6). Suppose i - m = 2. What is the greatest common divisor of x and i?
7
Let l be ((-22)/3 - -8)*177. What is the highest common factor of l and 1121?
59
Suppose 7*f = 4*f + 84. Suppose 10*l = 8*l + f. Suppose 0 = -l*n + 11*n + 21. Calculate the greatest common divisor of 35 and n.
7
Let a = -17 - -8. Let j be ((-7)/3 - -1)/(3/a). Calculate the greatest common divisor of 20 and j.
4
Suppose -v + 6 = 3*f, 3*v - v + 5*f - 12 = 0. What is the highest common divisor of v and 10?
2
Suppose -5*r - 533 + 1580 = j, 5*j - 195 = -r. Let l = 309 - r. Let s be 10 - (-3 - (-1 + -1)). Calculate the greatest common factor of l and s.
11
Suppose 4*l - 300 = -3*u, -5*l + 5*u + 225 = -2*l. Let c = -15 + l. Calculate the highest common factor of c and 40.
20
Suppose -42 - 22 = -x + 3*n, 2*x = -n + 142. Suppose -1 - 8 = -3*g. Suppose -g - 47 = -5*w. Calculate the greatest common factor of x and w.
10
Let r be (-2)/(-5) - 1939/35. Let h be r/(-2) - (-3)/6. Calculate the greatest common divisor of h and 4.
4
Let c = -1846 + 1853. Calculate the greatest common factor of 14 and c.
7
Suppose 0 = -6*w + 4*w - 2. Let o be w/5 + 22/10. Suppose u + 5*m - 13 = 0, 2*u + m = -3*m + 32. What is the highest common factor of o and u?
2
Let v = 7 + 7. Suppose -m + v = m. What is the highest common divisor of 161 and m?
7
Let k(o) = 3*o**3 - 3*o**2 + 15*o - 3. Let a be k(3). Calculate the greatest common factor of 288 and a.
96
Suppose 3*u + 185 = 3*y - 124, -5*y + u = -535. What is the greatest common divisor of 24 and y?
12
Let j(r) = r**2 - 8. Suppose 2*s - 13 = z, -3*z - 15 = -5*s - 4*z. Let h be j(s). Suppose 2*l = -3 + 83. Calculate the highest common factor of h and l.
8
Let s = 69 + -43. Let t be (-1)/(-14)*-4 + (-555)/(-7). Suppose 2*z - t + 27 = 0. What is the greatest common divisor of s and z?
26
Let k(d) = 4*d + 12. Let q be k(-6). Let y be (-3)/(q/32 - 0). What is the highest common factor of 16 and y?
8
Let a = -37 + 37. Let m = 21 + a. Let o(l) = 5*l**2 - 2*l. Let b be o(6). Calculate the highest common divisor of m and b.
21
Suppose 5*d + o - 225 = 0, 3*o + 78 = 2*d - 29. Calculate the highest common divisor of d and 1472.
46
Let k be (363/(-22))/(1/204). Let r be ((-4)/6)/(4/k). Calculate the highest common factor of 51 and r.
51
Let z(v) = 69*v + 10. Let q be z(3). What is the highest common divisor of 31 and q?
31
Suppose -u = 2*y - 16, -14 = -u - 0*y - 4*y. What is the greatest common divisor of 2178 and u?
18
Suppose 4*p - 40 = -2*w, -10 = p - 2*p - 3*w. Let h be (2/2)/(2/4). What is the greatest common factor of p and h?
2
Suppose t = -2*f + 20, 2*f - 7*f = 5*t - 45. Suppose -5*y + 55 = 2*j, 0*y - j = -y + f. Let z = 2 + -1. Calculate the highest common factor of z and y.
1
Let l be (-1 + 5/(-2))*-4. Let s(p) = p**3 - 36*p**2 + p + 20. Let w be s(36). Calculate the highest common factor of l and w.
14
Suppose 4*v - 4 = 4. Suppose 90 = -0*w + v*w. Calculate the highest common factor of 270 and w.
45
Let w = 6 - 11. Let s be 5789/35 + 2/w. What is the highest common factor of s and 15?
15
Suppose 5*b - 2*b = 4*t - 363, 4*t + 4*b = 328. Let n = t + -17. Calculate the highest common factor of n and 10.
10
Suppose -2*x - 3*x - 4*a = -261, -106 = -2*x - 2*a. Let s = x + -37. Calculate the highest common divisor of s and 108.
12
Suppose -36 = -192*f + 180*f. Calculate the highest common divisor of f and 9.
3
Suppose -19*b + 4*b + 360 = 0. Calculate the highest common factor of 87 and b.
3
Suppose 6 = -3*p + 3, 4*u = p + 181. Suppose -3*y = -4*g - 7 - 27, 4*y + 2*g = 82. What is the highest common factor of y and u?
9
Let a(t) = -t**2 - 20*t + 261. Let x be a(-27). Let j = 4 + 8. Let h = j + 6. Calculate the highest common factor of x and h.
18
Let n(v) = v**2 - 51*v - 126. Let t be n(56). What is the highest common factor of 22 and t?
22
Let l(z) be the first derivative of -z**4/4 - 7*z**3/3 + 9*z**2/2 + 9*z + 8. Let q be l(-8). What is the greatest common divisor of 11 and q?
1
Let z be 138/18*-1*-3. Calculate the greatest common divisor of 736 and z.
23
Let c be ((-32)/80)/((-3)/570). Calculate the greatest common factor of c and 8.
4
Let i = -40 + 117. Suppose -3*r = -i + 17. Let a be 8/r + 196/10. What is the highest common factor of a and 220?
20
Let g = 16 + -14. Suppose g*r - r = 26. What is the highest common factor of 13 and r?
13
Suppose 0 = -4*k - 4, 5*r = 2*k - 858. Let s = -102 - r. Let t = 95 - 67. What is the highest common divisor of s and t?
14
Let h(n) = n**3 + 3*n**2 - 4*n. Let l be h(-3). Calculate the greatest common divisor of l and 44.
4
Let t(v) = -3*v**2 + 7*v + 7. Let s be t(-5). Let j = s - -187. Let g be j/((-1)/(-1) + 0). What is the greatest common divisor of 12 and g?
12
Suppose 4*a + 2 = 2*x, 3*x + x + 8 = 4*a. Let o be (3 + 9)*(a + 6). Calculate the greatest common factor of 90 and o.
18
Let u be ((-68)/6)/(4/(-6)). Let d be (-4)/54 - 14696/(-108). What is the greatest common divisor of d and u?
17
Let y be 520/48 + -11 + (-3331)/(-6). What is the highest common divisor of 37 and y?
37
Let v(g) = -g**3 + 2*g**2 + 2. Let c = 7 + -9. Let x be v(c). Let t be 26/4 + 1/(-2). What is the highest common divisor of x and t?
6
Let x = -68 - -41. Let c = x + 13. Let m be 183/21 - 4/c. Calculate the highest common divisor of 45 and m.
9
Let t = -76 + 77. Calculate the highest common divisor of 32 and t.
1
Suppose -63*t = -59*t - 5668. Calculate the greatest common factor of 13 and t.
13
Let r = 4 + -9. Let l(k) = 2*k**2 + 7*k + 7. Let p be l(r). Suppose 3*v = 74 + p. What is the greatest common factor of v and 4?
4
Let x = -184 - -211. What is the highest common divisor of x and 1107?
27
Suppose 0*d = d - 4*a - 32, -5*d - a = -55. Let g(b) = -2 + 0 + 2 + 2*b - 8. Let u be g(5). Calculate the greatest common divisor of u and d.
2
Let f(v) = 7*v + 8. Suppose 15*c - 13*c = 16. Let j be f(c). What is the greatest common factor of 32 and j?
32
Let o = -345 + 420. What is the highest common di